+ 3*v**2 + 7*v + 5. Calculate i(4).
17
Let r(u) = u**3 - 5*u**2 + 2*u + 10. Calculate r(4).
2
Let d(f) = -11*f + 224. Determine d(22).
-18
Let w(l) = -l**3 + 8*l**2 - 6*l - 16. Give w(7).
-9
Let t(w) = w**3 + 13*w**2 + 35*w + 2. Give t(-10).
-48
Let k(o) = -3*o**2 - 2. Give k(3).
-29
Let k(l) = 4*l + 121. What is k(-26)?
17
Let t(g) = -g**3 - 4*g**2 + 11*g - 7. Determine t(-7).
63
Let x(d) = -2*d**3 + 9*d**2 + 9*d - 25. Calculate x(5).
-5
Let q(s) = s**2 + 16*s + 27. Determine q(-13).
-12
Let f(v) = 9*v + 44. Determine f(-5).
-1
Let s(u) = 3*u + 55. What is s(0)?
55
Let x(f) = -2*f + 17. What is x(5)?
7
Let v(g) = 2*g**3 + 2*g**2 - 3. Calculate v(2).
21
Let w(v) = -v**2 - 7*v + 17. Calculate w(0).
17
Let i(l) = -l**2 + 6*l. Calculate i(7).
-7
Let b(o) = -o**3 - 11*o**2 - 2*o + 7. Give b(-11).
29
Let w(l) = -l**3 + 9*l**2 + 9*l + 5. Determine w(10).
-5
Let d(n) = -6*n**3 + 2*n**2 + n - 1. Give d(-1).
6
Let h(i) = -i - 10. Give h(-4).
-6
Let m(f) = f**2 - 10*f - 37. Calculate m(13).
2
Let q(c) = 3*c**3 + 71*c**2 - 25*c - 7. Calculate q(-24).
17
Let u(j) = j**3 - 15*j**2 - 30*j - 69. What is u(17)?
-1
Let i(r) = r**3 + 10*r**2 + 7*r - 10. What is i(-9)?
8
Let u(h) = h - 17. Calculate u(7).
-10
Let y(f) = -12*f - 4. What is y(-1)?
8
Let r(l) = -21*l - 60. Calculate r(-5).
45
Let f(o) = 2*o + 96. What is f(-40)?
16
Let z(f) = 2*f**2 + 12*f - 7. Give z(-6).
-7
Let p(u) = u**2 - 19*u + 75. What is p(14)?
5
Let x(t) = -t**3 - 2*t**2 + 4*t + 1. Give x(-4).
17
Let k(t) = -13*t**2 - 3*t - 2. Calculate k(-2).
-48
Let r(l) = -l**3 + 5*l**2 + 3*l + 7. What is r(6)?
-11
Let l(i) = i**2 - 2*i + 3. Calculate l(3).
6
Let b(o) = -o**2 + 3*o - 3. Determine b(0).
-3
Let u(v) = 2*v**3 - 10*v**2 + 2*v - 4. Calculate u(5).
6
Let z(q) = -2*q + 17. What is z(7)?
3
Let d(m) = m**2 - 5*m. Give d(5).
0
Let t(j) = -j**3 - 16*j**2 - 28*j + 1. What is t(-14)?
1
Let p(c) = -c + 10. Calculate p(5).
5
Let c(v) = v**3 - 26*v**2 - 29*v + 32. Calculate c(27).
-22
Let x(p) = 2*p**3 + 3*p**2 - p - 3. Give x(-2).
-5
Let x(m) = 3*m**2 + 25*m - 55. Give x(2).
7
Let h(n) = n**2 + 27*n - 18. Determine h(-28).
10
Let o(n) = n**3 - n**2 - 6. What is o(0)?
-6
Let d(i) = 2*i**3 - 5*i**2 + 5*i - 1. Determine d(2).
5
Let k(i) = 7*i - 35. Determine k(13).
56
Let d(x) = 6*x - 41. Calculate d(12).
31
Let t(c) = c**2 + 7*c + 4. Calculate t(-5).
-6
Let d(y) = -4*y**3 - 2*y**2 - 7*y - 13. Give d(-2).
25
Let s(c) = c + 18. Determine s(-8).
10
Let i(u) = -2*u - 10. Give i(6).
-22
Let y(q) = 4*q**2 + 1. Calculate y(-3).
37
Let c(f) = f**3 - 8*f**2 + 10*f - 8. Calculate c(7).
13
Let c(x) = 206*x - 200. Give c(1).
6
Let k(z) = 3*z**2 + 4*z + 10. Determine k(5).
105
Let u(q) = 3*q**2 + 7*q + 15. Give u(-3).
21
Let j(c) = -c**3 + 2*c - 3. What is j(2)?
-7
Let z(a) = 78*a - 703. Calculate z(9).
-1
Let o(h) = h**2 - 25*h + 140. Give o(17).
4
Let v(p) = 30*p**3 - p**2. Calculate v(1).
29
Let i(z) = -z + 8. What is i(31)?
-23
Let x(r) = -2*r**2 + 47*r - 33. Give x(23).
-10
Let y(w) = 4*w**2 + 2*w + 7. Determine y(-3).
37
Let a(u) = -u**2 + 7*u - 6. Calculate a(5).
4
Let o(z) = -30*z - 13. Determine o(-1).
17
Let s(v) = -v - 24. What is s(-10)?
-14
Let z(d) = -d + 20. Calculate z(10).
10
Let y(l) = -l**3 - 4*l**2 - 14*l - 31. Calculate y(-3).
2
Let j(z) = -2*z + 7. Calculate j(3).
1
Let n(w) = 2*w**2 + 8*w + 5. Determine n(-5).
15
Let v(y) = 28*y**2 + 280*y + 9. Calculate v(-10).
9
Let h(z) = 40*z - 269. What is h(7)?
11
Let p(g) = g**2 + 7*g - 16. What is p(-9)?
2
Let m(c) = -73*c**3 + 9*c - 8. Calculate m(1).
-72
Let p(k) = -k**3 - 2*k**2 - k - 4. Calculate p(-4).
32
Let y(q) = -187*q + 931. What is y(5)?
-4
Let a(i) = -i**3 - 8*i**2 - 10*i + 1. Calculate a(-7).
22
Let d(o) = -o + 20. Calculate d(9).
11
Let q(j) = j**3 - 47. Determine q(0).
-47
Let c(g) = 14*g + 353. What is c(-26)?
-11
Let x(l) = -l**3 - 15*l**2 + 33*l - 12. Calculate x(-17).
5
Let f(o) = o**3 + 2*o - 22. What is f(0)?
-22
Let c(d) = d**2 + 11*d + 25. What is c(-8)?
1
Let k(c) = -6*c + 5. Determine k(7).
-37
Let m(c) = -c**2 + c - 5. Calculate m(4).
-17
Let c(p) = p - 31. Calculate c(21).
-10
Let p(l) = 2*l**3 - 6*l**2 - 9. What is p(5)?
91
Let q(l) = -5*l - 29. Give q(-7).
6
Let a(v) = v**2 + 12*v + 1. Calculate a(-12).
1
Let c(h) = 2*h**2 - 27*h - 31. Give c(14).
-17
Let v(r) = 4*r - 17. What is v(9)?
19
Let s(r) = 9*r**2 - 2*r + 2. Determine s(2).
34
Let l(v) = v**3 + 2*v**2 + 2. Calculate l(-3).
-7
Let v(a) = -2*a**2 - 17*a + 96. Calculate v(-12).
12
Let u(w) = w**2 + 4*w + 7. Give u(-6).
19
Let k(f) = f**2 + 12*f - 79. Determine k(-16).
-15
Let l(b) = b**2 + 12*b + 12. Determine l(-11).
1
Let x(j) = 2*j**3 + 13*j**2 + 14*j + 6. Give x(-6).
-42
Let q(i) = 4*i + 32. What is q(6)?
56
Let x(g) = -4*g + 1. Determine x(-2).
9
Let n(a) = -33*a - 94. Give n(-3).
5
Let w(q) = -q**2 + 7*q + 8. Calculate w(7).
8
Let m(x) = x**3 + 17*x**2 - 33*x + 101. Determine m(-19).
6
Let l(h) = -43*h + 127. Determine l(3).
-2
Let a(q) = 8*q**3 - 2*q + 1. Determine a(1).
7
Let m(t) = -t - 17. Determine m(10).
-27
Let b(a) = 12*a - 8. What is b(6)?
64
Let s(t) = -t**2 - 2*t + 37. Give s(5).
2
Let g(j) = -2*j**2 + 4*j + 5. Calculate g(5).
-25
Let r(w) = w**2 - 2*w - 15. Determine r(-6).
33
Let f(l) = l**2 - 5*l. What is f(5)?
0
Let z(k) = -3*k - 47. Determine z(-15).
-2
Let o(y) = -4*y - 98. Calculate o(-22).
-10
Let z(y) = y**2 + 3*y - 4. Determine z(-3).
-4
Let i(z) = -z**3 + z**2 - 9*z + 9. Give i(0).
9
Let l(r) = -2*r + 22. Give l(13).
-4
Let t(f) = f**2 - 10*f + 18. Calculate t(7).
-3
Let d(n) = -6*n**2 - 17*n - 5. What is d(-3)?
-8
Let i(g) = g**2 + 28*g + 94. Calculate i(-4).
-2
Let p(l) = -l**3 - 2*l**2 - 4*l. What is p(-3)?
21
Let z(t) = 2*t + 2. What is z(3)?
8
Let l(i) = i**3 + 6*i**2 + 7. Give l(-6).
7
Let o(n) = 22*n + 39. Give o(-4).
-49
Let u(y) = -y**2 + 2*y - 32. What is u(0)?
-32
Let f(o) = -2*o**2 + 16*o - 8. Calculate f(6).
16
Let o(v) = 2*v**3 - 20*v**2 + 20*v - 11. Calculate o(9).
7
Let s(u) = -24*u + 169. What is s(6)?
25
Let b(u) = -u**3 - 15*u**2 - 13*u + 11. Determine b(-14).
-3
Let y(z) = -3*z**3 + z**2 - z - 2. Calculate y(-2).
28
Let i(r) = r**3 + 9*r**2 + 20*r + 38. Calculate i(-7).
-4
Let v(k) = 5*k + 13. What is v(-2)?
3
Let x(q) = -5*q - 8. What is x(7)?
-43
Let s(c) = -5*c**3 - 2*c**2 - c. Calculate s(-1).
4
Let o(n) = -2*n**3 + 22*n**2 - 3*n + 20. What is o(11)?
-13
Let y(r) = r**3 - 19*r**2 + 45*r + 51. What is y(16)?
3
Let n(x) = -34*x + 756. Calculate n(22).
8
Let i(h) = 68*h + 351. Determine i(-5).
11
Let b(l) = l**3 + 6*l**2 + 3*l - 20. What is b(-6)?
-38
Let x(r) = -9*r + 15. Determine x(0).
15
Let y(h) = -h**3 + 18*h**2 - 33*h + 19. Give y(16).
3
Let r(g) = g**3 + 4*g**2 + 10. Determine r(0).
10
Let q(p) = -3*p**2 - 5*p + 4. Calculate q(-4).
-24
Let b(c) = -c**3 - 4*c**2 - 7*c - 8. Give b(-5).
52
Let y(a) = -65*a**2 + 2. Calculate y(1).
-63
Let u(h) = 18*h - 701. What is u(39)?
1
Let f(x) = 3*x**2 + 8*x - 24. Give f(6).
132
Let p(j) = -8*j**3 - j**2 + j - 2. Calculate p(-2).
56
Let v(y) = -74*y - 17. Give v(1).
-91
Let t(l) = -5*l**2 + l + 8. Give t(-3).
-40
Let h(w) = -6*w - 12. Determine h(-8).
36
Let y(f) = 114*f**2 + f. Give y(1).
115
Let a(k) = 7*k + 9. Calculate a(-5).
-26
Let b(t) = t**3 + 4*t**2 - 6*t - 2. Determine b(-5).
3
Let y(h) = -3*h + 1. Calculate y(2).
-5
Let l(c) = 2*c**3 + 28*c**2 + 17*c - 17. Give l(-13).
100
Let o(a) = a**2 + 5*a - 26. Determine o(-8).
-2
Let y(a) = 7*a - 12. Give y(2).
2
Let y(n) = 74*n + 156. What is y(-2)?
8
Let y(l) = -l**2 + 7*l + 1. What is y(10)?
-29
Let t(b) = -3*b - 34. Determine t(-11).
-1
Let d(w) = -w**3 - 14*w**2 + w + 21. Give d(-14).
7
Let o(u) = u**2 - 10*u + 7. What is o(5)?
-18
Let i(z) = 2*z**2 + 4*z - 7. What is i(2)?
9
Let s(m) = -6*m + 12. What is s(5)?
-18
Let o(u) = 95*u**2 - u + 2. Give o(1).
96
Let k(g) = g**3 + 20*g**2 + 20*g - 28. Calculate k(-19).
-47
Let u(m) = -m**3 + 14*m**2 + 16*m - 34. Calculate u(15).
-19
Let u(h) = -h**3 + 30*h**2 + h - 29. What is u(30)?
1
Let a(n) = 17*n + 17. What is a(-2)?
-17
Let i(b) = 5*b - 72. Give i(16).
8
Let o(j) = j**3 + 9*j**2 + 15*j - 36. What is o(-5)?
-11
Let i(f) = -2*f**2 + 5*f + 4. Calculate i(4).
-8
Let y(k) = k**2 - 20*k - 12. Give y(21).
9
Let r(p) = -p**3 + 7*p**2 + 3*p + 31. Give r(7).
52
Let o(r) = 2*r 